{"id":11,"date":"2020-11-06T17:29:47","date_gmt":"2020-11-06T16:29:47","guid":{"rendered":"http:\/\/www.autitools.com\/autitools\/?post_type=product&#038;p=11"},"modified":"2025-11-11T18:29:39","modified_gmt":"2025-11-11T17:29:39","slug":"guide-de-survie-de-la-personne-autiste-j-p-piat","status":"publish","type":"product","link":"https:\/\/www.autitools.eu\/index.php\/produit\/guide-de-survie-de-la-personne-autiste-j-p-piat\/","title":{"rendered":"Guide de survie de la personne autiste. J.P. Piat"},"content":{"rendered":"<p>Comment identifier le profil sensoriel d\u2019une personne autiste ? Comment s\u2019affirmer ? Comment identifier la malveillance ? Quelles sont les forces possibles d\u2019une personne autiste ? Comment concilier \u00e9tudes sup\u00e9rieures et autisme ?<br \/>\nToutes ces questions et bien d\u2019autres sont trait\u00e9es dans ce guide de la personne autiste qui aborde de tr\u00e8s nombreux sujets.<br \/>\nDans une perspective th\u00e9orique et pratique, Jean-Philippe PIAT, lui-m\u00eame autiste, livre ses techniques qui l\u2019ont aid\u00e9 \u00e0 mieux vivre son autisme. La force de cet ouvrage est de d\u00e9passer l\u2019exp\u00e9rience de l\u2019auteur et ainsi proposer un outillage simple et coh\u00e9rent pour les personnes autistes, les proches et les professionnels.<br \/>\nJean-Philippe PIAT a \u00e9t\u00e9 diagnostiqu\u00e9 au Centre Expert de Cr\u00e9teil \u00e0 37 ans, depuis lors, il n\u2019a de cesse de proposer des ressources d\u00e9di\u00e9es \u00e0 l\u2019autisme. Il a travaill\u00e9 aupr\u00e8s d\u2019un public autiste, d\u2019abord comme professeur puis comme co-animateur des groupes d\u2019habilet\u00e9s sociales.<br \/>\nCet ouvrage s\u2019inscrit dans la continuit\u00e9 du blog AspieConseil, espace de techniques appropri\u00e9es aux personnes autistes.<\/p>\n","protected":false},"excerpt":{"rendered":"<p>Comment identifier le profil sensoriel d\u2019une personne autiste ? Comment s\u2019affirmer ? Comment identifier la malveillance ? Quelles sont les forces possibles d\u2019une personne autiste ? Comment concilier \u00e9tudes sup\u00e9rieures et autisme ? Toutes ces questions et bien d\u2019autres sont trait\u00e9es dans ce guide de la personne autiste qui aborde de tr\u00e8s nombreux sujets. Dans [&hellip;]<\/p>\n","protected":false},"featured_media":12,"template":"","meta":[],"product_brand":[],"product_cat":[16,17,18,15,19],"product_tag":[],"class_list":{"0":"post-11","1":"product","2":"type-product","3":"status-publish","4":"has-post-thumbnail","6":"product_cat-asperger","7":"product_cat-autisme-sans-deficience-mentale","8":"product_cat-connaissance-de-lautisme","9":"product_cat-non-classe","10":"product_cat-tous","12":"first","13":"instock","14":"taxable","15":"shipping-taxable","16":"purchasable","17":"product-type-variable"},"jetpack_sharing_enabled":true,"_links":{"self":[{"href":"https:\/\/www.autitools.eu\/index.php\/wp-json\/wp\/v2\/product\/11","targetHints":{"allow":["GET"]}}],"collection":[{"href":"https:\/\/www.autitools.eu\/index.php\/wp-json\/wp\/v2\/product"}],"about":[{"href":"https:\/\/www.autitools.eu\/index.php\/wp-json\/wp\/v2\/types\/product"}],"wp:featuredmedia":[{"embeddable":true,"href":"https:\/\/www.autitools.eu\/index.php\/wp-json\/wp\/v2\/media\/12"}],"wp:attachment":[{"href":"https:\/\/www.autitools.eu\/index.php\/wp-json\/wp\/v2\/media?parent=11"}],"wp:term":[{"taxonomy":"product_brand","embeddable":true,"href":"https:\/\/www.autitools.eu\/index.php\/wp-json\/wp\/v2\/product_brand?post=11"},{"taxonomy":"product_cat","embeddable":true,"href":"https:\/\/www.autitools.eu\/index.php\/wp-json\/wp\/v2\/product_cat?post=11"},{"taxonomy":"product_tag","embeddable":true,"href":"https:\/\/www.autitools.eu\/index.php\/wp-json\/wp\/v2\/product_tag?post=11"}],"curies":[{"name":"wp","href":"https:\/\/api.w.org\/{rel}","templated":true}]}}