{"id":155,"date":"2020-11-16T18:15:24","date_gmt":"2020-11-16T17:15:24","guid":{"rendered":"http:\/\/www.autitools.com\/autitools\/?post_type=product&#038;p=155"},"modified":"2021-01-17T17:21:09","modified_gmt":"2021-01-17T16:21:09","slug":"ben-et-les-habiletes-sociales-la-sensorialite","status":"publish","type":"product","link":"https:\/\/www.autitools.eu\/index.php\/produit\/ben-et-les-habiletes-sociales-la-sensorialite\/","title":{"rendered":"Ben et les habilet\u00e9s sociales : la sensorialit\u00e9"},"content":{"rendered":"<p>Alors voil\u00e0 ! Je m\u2019appelle Benjamin (mais tout le monde m\u2019appelle Ben), j\u2019ai 9 ans et j\u2019ai du mal \u00e0 savoir comment me comporter. Je n\u2019ai pas beaucoup d\u2019amis et je fais parfois des choses qui paraissent bizarres&#8230;<br \/>\nJe per\u00e7ois le monde qui m\u2019entoure de mani\u00e8re diff\u00e9rente et \u00e7a me fatigue beaucoup.<br \/>\nIl parait que j\u2019ai une \u00ab sensorialit\u00e9 \u00bb diff\u00e9rente.<br \/>\nMais, au fait, qu\u2019est-ce que c\u2019est la sensorialit\u00e9 ?<\/p>\n","protected":false},"excerpt":{"rendered":"<p>Alors voil\u00e0 ! Je m\u2019appelle Benjamin (mais tout le monde m\u2019appelle Ben), j\u2019ai 9 ans et j\u2019ai du mal \u00e0 savoir comment me comporter. Je n\u2019ai pas beaucoup d\u2019amis et je fais parfois des choses qui paraissent bizarres&#8230; Je per\u00e7ois le monde qui m\u2019entoure de mani\u00e8re diff\u00e9rente et \u00e7a me fatigue beaucoup. Il parait que [&hellip;]<\/p>\n","protected":false},"featured_media":157,"template":"","meta":[],"product_brand":[],"product_cat":[18,33,28,27,19],"product_tag":[],"class_list":{"0":"post-155","1":"product","2":"type-product","3":"status-publish","4":"has-post-thumbnail","6":"product_cat-connaissance-de-lautisme","7":"product_cat-livres-pour-enfants","8":"product_cat-nouveautes","9":"product_cat-problemes-sensoriels","10":"product_cat-tous","12":"first","13":"instock","14":"taxable","15":"shipping-taxable","16":"purchasable","17":"product-type-variable"},"jetpack_sharing_enabled":true,"_links":{"self":[{"href":"https:\/\/www.autitools.eu\/index.php\/wp-json\/wp\/v2\/product\/155","targetHints":{"allow":["GET"]}}],"collection":[{"href":"https:\/\/www.autitools.eu\/index.php\/wp-json\/wp\/v2\/product"}],"about":[{"href":"https:\/\/www.autitools.eu\/index.php\/wp-json\/wp\/v2\/types\/product"}],"wp:featuredmedia":[{"embeddable":true,"href":"https:\/\/www.autitools.eu\/index.php\/wp-json\/wp\/v2\/media\/157"}],"wp:attachment":[{"href":"https:\/\/www.autitools.eu\/index.php\/wp-json\/wp\/v2\/media?parent=155"}],"wp:term":[{"taxonomy":"product_brand","embeddable":true,"href":"https:\/\/www.autitools.eu\/index.php\/wp-json\/wp\/v2\/product_brand?post=155"},{"taxonomy":"product_cat","embeddable":true,"href":"https:\/\/www.autitools.eu\/index.php\/wp-json\/wp\/v2\/product_cat?post=155"},{"taxonomy":"product_tag","embeddable":true,"href":"https:\/\/www.autitools.eu\/index.php\/wp-json\/wp\/v2\/product_tag?post=155"}],"curies":[{"name":"wp","href":"https:\/\/api.w.org\/{rel}","templated":true}]}}

Ben et les habiletés sociales : la sensorialité

<p>Alors voilà ! Je m’appelle Benjamin (mais tout le monde m’appelle Ben), j’ai 9 ans et j’ai du mal à savoir comment me comporter. Je n’ai pas beaucoup d’amis et je fais parfois des choses qui paraissent bizarres&#8230;<br />
Je perçois le monde qui m’entoure de manière différente et ça me fatigue beaucoup.<br />
Il parait que j’ai une « sensorialité » différente.<br />
Mais, au fait, qu’est-ce que c’est la sensorialité ?</p>

<p>Alors voilà ! Je m’appelle Benjamin (mais tout le monde m’appelle Ben), j’ai 9 ans et j’ai du mal à savoir comment me comporter. Je n’ai pas beaucoup d’amis et je fais parfois des choses qui paraissent bizarres&#8230; Je perçois le monde qui m’entoure de manière différente et ça me fatigue beaucoup. Il parait que [&hellip;]</p>
