{"id":171,"date":"2020-11-17T19:35:11","date_gmt":"2020-11-17T18:35:11","guid":{"rendered":"http:\/\/www.autitools.com\/autitools\/?post_type=product&#038;p=171"},"modified":"2024-11-14T19:11:58","modified_gmt":"2024-11-14T18:11:58","slug":"parlons-des-emotions-teresa-carlon","status":"publish","type":"product","link":"https:\/\/www.autitools.eu\/index.php\/produit\/parlons-des-emotions-teresa-carlon\/","title":{"rendered":"Parlons des \u00e9motions. Teresa Carlon"},"content":{"rendered":"<p>Livre uniquement en PDF. Se compose de 2 fichiers : le livre lui-m\u00eame (non imprimable) et les annexes (imprimables) . Convient \u00e0 la lecture sur tablette ou ordinateur. N&rsquo;est pas adapt\u00e9 aux liseuses de type Kindle ou Kobo.<br \/>\nPour aider les enfants pr\u00e9sentant des d\u00e9ficits cognitifs et sociaux tels que le syndrome d\u2019Asperger, l\u2019autisme de haut niveau ou le trouble de la communication sociale, \u00e0 comprendre et exprimer de l\u2019empathie et des \u00e9motions.<br \/>\nSur le site d&rsquo;autismediffusion vous pourrez trouver un kit compos\u00e9 du mat\u00e9riel n\u00e9cessaire pour mettre imm\u00e9diatement en pratique les nombreuses activit\u00e9s et exp\u00e9riences propos\u00e9es dans le livre \u00ab\u00a0Parlons des \u00e9motions\u00a0\u00bb.<br \/>\nhttps:\/\/www.autismediffusion.com\/kit-parlons-des-emotions-materiel-qui-accompagne-le-livre-c2x31225554<\/p>\n","protected":false},"excerpt":{"rendered":"<p>Livre uniquement en PDF. Se compose de 2 fichiers : le livre lui-m\u00eame (non imprimable) et les annexes (imprimables) . Convient \u00e0 la lecture sur tablette ou ordinateur. N&rsquo;est pas adapt\u00e9 aux liseuses de type Kindle ou Kobo. Pour aider les enfants pr\u00e9sentant des d\u00e9ficits cognitifs et sociaux tels que le syndrome d\u2019Asperger, l\u2019autisme de [&hellip;]<\/p>\n","protected":false},"featured_media":174,"template":"","meta":[],"product_brand":[],"product_cat":[15],"product_tag":[],"class_list":{"0":"post-171","1":"product","2":"type-product","3":"status-publish","4":"has-post-thumbnail","6":"product_cat-non-classe","8":"first","9":"instock","10":"taxable","11":"shipping-taxable","12":"purchasable","13":"product-type-variable"},"jetpack_sharing_enabled":true,"_links":{"self":[{"href":"https:\/\/www.autitools.eu\/index.php\/wp-json\/wp\/v2\/product\/171","targetHints":{"allow":["GET"]}}],"collection":[{"href":"https:\/\/www.autitools.eu\/index.php\/wp-json\/wp\/v2\/product"}],"about":[{"href":"https:\/\/www.autitools.eu\/index.php\/wp-json\/wp\/v2\/types\/product"}],"wp:featuredmedia":[{"embeddable":true,"href":"https:\/\/www.autitools.eu\/index.php\/wp-json\/wp\/v2\/media\/174"}],"wp:attachment":[{"href":"https:\/\/www.autitools.eu\/index.php\/wp-json\/wp\/v2\/media?parent=171"}],"wp:term":[{"taxonomy":"product_brand","embeddable":true,"href":"https:\/\/www.autitools.eu\/index.php\/wp-json\/wp\/v2\/product_brand?post=171"},{"taxonomy":"product_cat","embeddable":true,"href":"https:\/\/www.autitools.eu\/index.php\/wp-json\/wp\/v2\/product_cat?post=171"},{"taxonomy":"product_tag","embeddable":true,"href":"https:\/\/www.autitools.eu\/index.php\/wp-json\/wp\/v2\/product_tag?post=171"}],"curies":[{"name":"wp","href":"https:\/\/api.w.org\/{rel}","templated":true}]}}

Parlons des émotions. Teresa Carlon

<p>Livre uniquement en PDF. Se compose de 2 fichiers : le livre lui-même (non imprimable) et les annexes (imprimables) . Convient à la lecture sur tablette ou ordinateur. N&rsquo;est pas adapté aux liseuses de type Kindle ou Kobo.<br />
Pour aider les enfants présentant des déficits cognitifs et sociaux tels que le syndrome d’Asperger, l’autisme de haut niveau ou le trouble de la communication sociale, à comprendre et exprimer de l’empathie et des émotions.<br />
Sur le site d&rsquo;autismediffusion vous pourrez trouver un kit composé du matériel nécessaire pour mettre immédiatement en pratique les nombreuses activités et expériences proposées dans le livre « Parlons des émotions ».<br />
https://www.autismediffusion.com/kit-parlons-des-emotions-materiel-qui-accompagne-le-livre-c2x31225554</p>

<p>Livre uniquement en PDF. Se compose de 2 fichiers : le livre lui-même (non imprimable) et les annexes (imprimables) . Convient à la lecture sur tablette ou ordinateur. N&rsquo;est pas adapté aux liseuses de type Kindle ou Kobo. Pour aider les enfants présentant des déficits cognitifs et sociaux tels que le syndrome d’Asperger, l’autisme de [&hellip;]</p>
