{"id":241,"date":"2020-12-01T19:32:10","date_gmt":"2020-12-01T18:32:10","guid":{"rendered":"https:\/\/www.autitools.eu\/?post_type=product&#038;p=241"},"modified":"2025-11-11T18:42:04","modified_gmt":"2025-11-11T17:42:04","slug":"langage-communication-et-autisme-a-motet-fevre-dr-o-ramos","status":"publish","type":"product","link":"https:\/\/www.autitools.eu\/index.php\/produit\/langage-communication-et-autisme-a-motet-fevre-dr-o-ramos\/","title":{"rendered":"Langage, Communication et Autisme. A. Motet-Fevre, Dr. O. Ramos"},"content":{"rendered":"<p>Les difficult\u00e9s de communication des personnes avec autisme constituent l\u2019un des aspects les plus visibles de la symptomatologie autistique. C\u2019est ainsi que certains auteurs consid\u00e8rent que les troubles du d\u00e9veloppement du langage et les \u00e9checs cognitifs qui en d\u00e9coulent constituent le probl\u00e8me le plus important de l\u2019autisme. Ces difficult\u00e9s pourraient expliquer les autres manifestations de l\u2019autisme, \u00e0 savoir les troubles de l\u2019interaction sociale et les troubles du comportement.<br \/>\nDans la premi\u00e8re partie de ce livre, on donne un aper\u00e7u des substrats anatomiques, physiologiques et des aspects neuropsychologiques du langage et de la communication ainsi que des troubles sp\u00e9cifiques chez l\u2019individu normal et chez des personnes atteintes d\u2019autisme. Dans la deuxi\u00e8me partie des explications concr\u00e8tes sont fournies sur les difficult\u00e9s de communication de la population atteinte de troubles du spectre autistique et des moyens pratiques pour les am\u00e9liorer. Ces apports sont le fruit d\u2019une longue exp\u00e9rience des auteurs dans le suivi et l\u2019accompagnement des enfants et adolescents avec autisme et de leurs familles.<\/p>\n","protected":false},"excerpt":{"rendered":"<p>Les difficult\u00e9s de communication des personnes avec autisme constituent l\u2019un des aspects les plus visibles de la symptomatologie autistique. C\u2019est ainsi que certains auteurs consid\u00e8rent que les troubles du d\u00e9veloppement du langage et les \u00e9checs cognitifs qui en d\u00e9coulent constituent le probl\u00e8me le plus important de l\u2019autisme. Ces difficult\u00e9s pourraient expliquer les autres manifestations de [&hellip;]<\/p>\n","protected":false},"featured_media":247,"template":"","meta":[],"product_brand":[],"product_cat":[18,19],"product_tag":[],"class_list":{"0":"post-241","1":"product","2":"type-product","3":"status-publish","4":"has-post-thumbnail","6":"product_cat-connaissance-de-lautisme","7":"product_cat-tous","9":"first","10":"instock","11":"taxable","12":"shipping-taxable","13":"purchasable","14":"product-type-variable"},"jetpack_sharing_enabled":true,"_links":{"self":[{"href":"https:\/\/www.autitools.eu\/index.php\/wp-json\/wp\/v2\/product\/241","targetHints":{"allow":["GET"]}}],"collection":[{"href":"https:\/\/www.autitools.eu\/index.php\/wp-json\/wp\/v2\/product"}],"about":[{"href":"https:\/\/www.autitools.eu\/index.php\/wp-json\/wp\/v2\/types\/product"}],"wp:featuredmedia":[{"embeddable":true,"href":"https:\/\/www.autitools.eu\/index.php\/wp-json\/wp\/v2\/media\/247"}],"wp:attachment":[{"href":"https:\/\/www.autitools.eu\/index.php\/wp-json\/wp\/v2\/media?parent=241"}],"wp:term":[{"taxonomy":"product_brand","embeddable":true,"href":"https:\/\/www.autitools.eu\/index.php\/wp-json\/wp\/v2\/product_brand?post=241"},{"taxonomy":"product_cat","embeddable":true,"href":"https:\/\/www.autitools.eu\/index.php\/wp-json\/wp\/v2\/product_cat?post=241"},{"taxonomy":"product_tag","embeddable":true,"href":"https:\/\/www.autitools.eu\/index.php\/wp-json\/wp\/v2\/product_tag?post=241"}],"curies":[{"name":"wp","href":"https:\/\/api.w.org\/{rel}","templated":true}]}}

<p>Les difficultés de communication des personnes avec autisme constituent l’un des aspects les plus visibles de la symptomatologie autistique. C’est ainsi que certains auteurs considèrent que les troubles du développement du langage et les échecs cognitifs qui en découlent constituent le problème le plus important de l’autisme. Ces difficultés pourraient expliquer les autres manifestations de l’autisme, à savoir les troubles de l’interaction sociale et les troubles du comportement.<br />
Dans la première partie de ce livre, on donne un aperçu des substrats anatomiques, physiologiques et des aspects neuropsychologiques du langage et de la communication ainsi que des troubles spécifiques chez l’individu normal et chez des personnes atteintes d’autisme. Dans la deuxième partie des explications concrètes sont fournies sur les difficultés de communication de la population atteinte de troubles du spectre autistique et des moyens pratiques pour les améliorer. Ces apports sont le fruit d’une longue expérience des auteurs dans le suivi et l’accompagnement des enfants et adolescents avec autisme et de leurs familles.</p>

<p>Les difficultés de communication des personnes avec autisme constituent l’un des aspects les plus visibles de la symptomatologie autistique. C’est ainsi que certains auteurs considèrent que les troubles du développement du langage et les échecs cognitifs qui en découlent constituent le problème le plus important de l’autisme. Ces difficultés pourraient expliquer les autres manifestations de [&hellip;]</p>
