{"id":267,"date":"2020-12-05T11:12:27","date_gmt":"2020-12-05T10:12:27","guid":{"rendered":"https:\/\/www.autitools.eu\/?post_type=product&#038;p=267"},"modified":"2022-11-19T10:22:37","modified_gmt":"2022-11-19T09:22:37","slug":"ben-et-les-habiletes-sociales-la-communication","status":"publish","type":"product","link":"https:\/\/www.autitools.eu\/index.php\/produit\/ben-et-les-habiletes-sociales-la-communication\/","title":{"rendered":"Ben et les habilet\u00e9s sociales : la communication"},"content":{"rendered":"<p>Alors voil\u00e0 ! je m&rsquo;appelle Benjamin, mais tout le monde m&rsquo;appelle Ben. J&rsquo;ai 9 ans et j&rsquo;ai du mal \u00e0 savoir comment me comporter. Je n&rsquo;ai pas beaucoup d&rsquo;amis et je fais parfois des choses bizarres&#8230; Je ne sais pas quoi faire ou quoi dire dans certaines situations. maman dit qu&rsquo;il faut que j&rsquo;apprenne \u00e0 mieux communiquer. Mais comment faire ?<\/p>\n","protected":false},"excerpt":{"rendered":"<p>Alors voil\u00e0 ! je m&rsquo;appelle Benjamin, mais tout le monde m&rsquo;appelle Ben. J&rsquo;ai 9 ans et j&rsquo;ai du mal \u00e0 savoir comment me comporter. Je n&rsquo;ai pas beaucoup d&rsquo;amis et je fais parfois des choses bizarres&#8230; Je ne sais pas quoi faire ou quoi dire dans certaines situations. maman dit qu&rsquo;il faut que j&rsquo;apprenne \u00e0 [&hellip;]<\/p>\n","protected":false},"featured_media":272,"template":"","meta":[],"product_brand":[],"product_cat":[33,19],"product_tag":[],"class_list":{"0":"post-267","1":"product","2":"type-product","3":"status-publish","4":"has-post-thumbnail","6":"product_cat-livres-pour-enfants","7":"product_cat-tous","9":"first","10":"instock","11":"taxable","12":"shipping-taxable","13":"purchasable","14":"product-type-variable"},"jetpack_sharing_enabled":true,"_links":{"self":[{"href":"https:\/\/www.autitools.eu\/index.php\/wp-json\/wp\/v2\/product\/267","targetHints":{"allow":["GET"]}}],"collection":[{"href":"https:\/\/www.autitools.eu\/index.php\/wp-json\/wp\/v2\/product"}],"about":[{"href":"https:\/\/www.autitools.eu\/index.php\/wp-json\/wp\/v2\/types\/product"}],"wp:featuredmedia":[{"embeddable":true,"href":"https:\/\/www.autitools.eu\/index.php\/wp-json\/wp\/v2\/media\/272"}],"wp:attachment":[{"href":"https:\/\/www.autitools.eu\/index.php\/wp-json\/wp\/v2\/media?parent=267"}],"wp:term":[{"taxonomy":"product_brand","embeddable":true,"href":"https:\/\/www.autitools.eu\/index.php\/wp-json\/wp\/v2\/product_brand?post=267"},{"taxonomy":"product_cat","embeddable":true,"href":"https:\/\/www.autitools.eu\/index.php\/wp-json\/wp\/v2\/product_cat?post=267"},{"taxonomy":"product_tag","embeddable":true,"href":"https:\/\/www.autitools.eu\/index.php\/wp-json\/wp\/v2\/product_tag?post=267"}],"curies":[{"name":"wp","href":"https:\/\/api.w.org\/{rel}","templated":true}]}}