{"id":344,"date":"2021-02-02T19:35:33","date_gmt":"2021-02-02T18:35:33","guid":{"rendered":"https:\/\/www.autitools.eu\/?post_type=product&#038;p=344"},"modified":"2022-11-19T10:16:12","modified_gmt":"2022-11-19T09:16:12","slug":"quarrive-t-il-a-tom-kate-e-reynolds","status":"publish","type":"product","link":"https:\/\/www.autitools.eu\/index.php\/produit\/quarrive-t-il-a-tom-kate-e-reynolds\/","title":{"rendered":"Qu&rsquo;arrive-t-il \u00e0 Tom ? ; Kate E. Reynolds"},"content":{"rendered":"<div class=\"ng-scope\">Tom se rend compte que son corps change. Sa voix est diff\u00e9rente et ses poils poussent dans de nouveaux endroits. Il y a d&rsquo;autres changements qui arrivent aussi. Le p\u00e8re de Tom l&rsquo;aide \u00e0 comprendre qu&rsquo;il commence \u00e0 devenir un homme.<\/div>\n<div class=\"ng-scope\">En suivant Tom qui commence \u00e0 noter des changements dans son corps, ce document simple aide les parents et soignants \u00e0 enseigner les effets de la pubert\u00e9 aux gar\u00e7ons avec autisme ou troubles assimil\u00e9s. Il explore tous les changements dont ils auront l&rsquo;exp\u00e9rience, au niveau \u00e9motionnel, au niveau des sensations physiques et au niveau des r\u00eaves mouill\u00e9s. Toutes ces illustrations positives et ce livre entra\u00eenant fournissent une opportunit\u00e9 parfaite de parler de la pubert\u00e9 aux gar\u00e7ons et jeunes hommes avec autisme ou troubles assimil\u00e9s.<\/div>\n","protected":false},"excerpt":{"rendered":"<p>Tom se rend compte que son corps change. Sa voix est diff\u00e9rente et ses poils poussent dans de nouveaux endroits. Il y a d&rsquo;autres changements qui arrivent aussi. Le p\u00e8re de Tom l&rsquo;aide \u00e0 comprendre qu&rsquo;il commence \u00e0 devenir un homme. En suivant Tom qui commence \u00e0 noter des changements dans son corps, ce document [&hellip;]<\/p>\n","protected":false},"featured_media":347,"template":"","meta":[],"product_brand":[],"product_cat":[29,18,25,33,19],"product_tag":[],"class_list":{"0":"post-344","1":"product","2":"type-product","3":"status-publish","4":"has-post-thumbnail","6":"product_cat-apprentissage-de-la-sexualite","7":"product_cat-connaissance-de-lautisme","8":"product_cat-education","9":"product_cat-livres-pour-enfants","10":"product_cat-tous","12":"first","13":"instock","14":"taxable","15":"shipping-taxable","16":"purchasable","17":"product-type-variable"},"jetpack_sharing_enabled":true,"_links":{"self":[{"href":"https:\/\/www.autitools.eu\/index.php\/wp-json\/wp\/v2\/product\/344","targetHints":{"allow":["GET"]}}],"collection":[{"href":"https:\/\/www.autitools.eu\/index.php\/wp-json\/wp\/v2\/product"}],"about":[{"href":"https:\/\/www.autitools.eu\/index.php\/wp-json\/wp\/v2\/types\/product"}],"wp:featuredmedia":[{"embeddable":true,"href":"https:\/\/www.autitools.eu\/index.php\/wp-json\/wp\/v2\/media\/347"}],"wp:attachment":[{"href":"https:\/\/www.autitools.eu\/index.php\/wp-json\/wp\/v2\/media?parent=344"}],"wp:term":[{"taxonomy":"product_brand","embeddable":true,"href":"https:\/\/www.autitools.eu\/index.php\/wp-json\/wp\/v2\/product_brand?post=344"},{"taxonomy":"product_cat","embeddable":true,"href":"https:\/\/www.autitools.eu\/index.php\/wp-json\/wp\/v2\/product_cat?post=344"},{"taxonomy":"product_tag","embeddable":true,"href":"https:\/\/www.autitools.eu\/index.php\/wp-json\/wp\/v2\/product_tag?post=344"}],"curies":[{"name":"wp","href":"https:\/\/api.w.org\/{rel}","templated":true}]}}