{"id":79,"date":"2020-11-08T17:12:07","date_gmt":"2020-11-08T16:12:07","guid":{"rendered":"http:\/\/www.autitools.com\/autitools\/?post_type=product&#038;p=79"},"modified":"2025-11-11T18:14:22","modified_gmt":"2025-11-11T17:14:22","slug":"les-techniques-du-comportement-verbal-m-l-barbera","status":"publish","type":"product","link":"https:\/\/www.autitools.eu\/index.php\/produit\/les-techniques-du-comportement-verbal-m-l-barbera\/","title":{"rendered":"Les techniques du comportement verbal. M.L.Barbera"},"content":{"rendered":"<p>Retards et troubles du langage sont la marque de l\u2019autisme. Ces troubles impactent directement sur d\u2019autres facult\u00e9s importantes, tant intellectuelles que sociales. Aussi, l\u2019aspect le plus important de tout programme d\u2019intervention aupr\u00e8s d\u2019un enfant autiste doit porter sur un d\u00e9veloppement pr\u00e9coce des capacit\u00e9s de communication pratique. Toutefois, les parents dont l\u2019enfant vient juste d\u2019\u00eatre diagnostiqu\u00e9, sont souvent d\u00e9sorient\u00e9s par la large gamme de traitements existante et par les opinions divergentes des professionnels en mati\u00e8re d\u2019interventions sur le langage. Il leur est difficile de d\u00e9terminer quelle m\u00e9thode ou quelle approche peut fonctionner, et ainsi, ils gaspillent un temps pr\u00e9cieux en incertitudes. L\u2019analyse comportementale appliqu\u00e9e en g\u00e9n\u00e9ral et l\u2019analyse verbale en particulier a att\u00e9nu\u00e9 ce probl\u00e8me en fournissant aux parents une m\u00e9thode solide qui permet d\u2019\u00e9valuer le langage et de mettre en place des interventions, et qui s\u2019appuie sur des d\u00e9cennies de recherches empiriques. Mary est repr\u00e9sentative de ces parents et professionnels toujours plus nombreux \u00e0 avoir d\u00e9couvert la valeur et l\u2019efficacit\u00e9 de l\u2019analyse comportementale et de l\u2019analyse verbale de Skinner, utilis\u00e9s comme un guide pour mettre en place un traitement quotidien pour les enfants autistes.<\/p>\n","protected":false},"excerpt":{"rendered":"<p>Retards et troubles du langage sont la marque de l\u2019autisme. Ces troubles impactent directement sur d\u2019autres facult\u00e9s importantes, tant intellectuelles que sociales. Aussi, l\u2019aspect le plus important de tout programme d\u2019intervention aupr\u00e8s d\u2019un enfant autiste doit porter sur un d\u00e9veloppement pr\u00e9coce des capacit\u00e9s de communication pratique. Toutefois, les parents dont l\u2019enfant vient juste d\u2019\u00eatre diagnostiqu\u00e9, [&hellip;]<\/p>\n","protected":false},"featured_media":84,"template":"","meta":[],"product_brand":[],"product_cat":[24,19],"product_tag":[],"class_list":{"0":"post-79","1":"product","2":"type-product","3":"status-publish","4":"has-post-thumbnail","6":"product_cat-a-b-a","7":"product_cat-tous","9":"first","10":"instock","11":"taxable","12":"shipping-taxable","13":"purchasable","14":"product-type-variable"},"jetpack_sharing_enabled":true,"_links":{"self":[{"href":"https:\/\/www.autitools.eu\/index.php\/wp-json\/wp\/v2\/product\/79","targetHints":{"allow":["GET"]}}],"collection":[{"href":"https:\/\/www.autitools.eu\/index.php\/wp-json\/wp\/v2\/product"}],"about":[{"href":"https:\/\/www.autitools.eu\/index.php\/wp-json\/wp\/v2\/types\/product"}],"wp:featuredmedia":[{"embeddable":true,"href":"https:\/\/www.autitools.eu\/index.php\/wp-json\/wp\/v2\/media\/84"}],"wp:attachment":[{"href":"https:\/\/www.autitools.eu\/index.php\/wp-json\/wp\/v2\/media?parent=79"}],"wp:term":[{"taxonomy":"product_brand","embeddable":true,"href":"https:\/\/www.autitools.eu\/index.php\/wp-json\/wp\/v2\/product_brand?post=79"},{"taxonomy":"product_cat","embeddable":true,"href":"https:\/\/www.autitools.eu\/index.php\/wp-json\/wp\/v2\/product_cat?post=79"},{"taxonomy":"product_tag","embeddable":true,"href":"https:\/\/www.autitools.eu\/index.php\/wp-json\/wp\/v2\/product_tag?post=79"}],"curies":[{"name":"wp","href":"https:\/\/api.w.org\/{rel}","templated":true}]}}