{"id":85,"date":"2020-11-08T18:29:34","date_gmt":"2020-11-08T17:29:34","guid":{"rendered":"http:\/\/www.autitools.com\/autitools\/?post_type=product&#038;p=85"},"modified":"2025-11-11T18:15:22","modified_gmt":"2025-11-11T17:15:22","slug":"temple-nous-parle-de-lautisme-et-des-problemes-sensoriels-t-grandin","status":"publish","type":"product","link":"https:\/\/www.autitools.eu\/index.php\/produit\/temple-nous-parle-de-lautisme-et-des-problemes-sensoriels-t-grandin\/","title":{"rendered":"Temple nous parle\u2026 de l\u2019Autisme et des Probl\u00e8mes Sensoriels. T. Grandin"},"content":{"rendered":"<p>Temple Grandin est docteur en sciences de l\u2019animal, professeur \u00e0 l\u2019universit\u00e9 d\u2019\u00c9tat du Colorado, auteur de best-sellers, militante de l\u2019autisme, et consultante sur le comportement animal.<br \/>\nElle a invent\u00e9 la \u00ab machine \u00e0 pression \u00bb, qui permet de calmer le syst\u00e8me sensoriel des personnes atteintes d\u2019autisme. Elle a aussi \u00e9t\u00e9 le sujet du film \u00ab Temple Grandin \u00bb prim\u00e9 en 2010, et elle a fait parti de la liste des 100 personnes les plus influentes du monde du magazine Time.<br \/>\nPeut-\u00eatre auriez-vous aim\u00e9 discuter avec Temple des probl\u00e9matiques sensorielles qu\u2019elle a d\u00fb affronter ? Alors voici un manuel de r\u00e9f\u00e9rence dans lequel Temple donne une vue g\u00e9n\u00e9rale de ce que c\u2019est qu\u2019\u00eatre autiste et avoir des difficult\u00e9s sensorielles. Dans ce livre elle explique comment elle a r\u00e9ussi \u00e0 g\u00e9rer certaines de ces probl\u00e9matiques, elle nous donne des conseils utiles; puis elle pr\u00e9sente de fa\u00e7on pratique les r\u00e9ponses aux questions qui lui ont \u00e9t\u00e9 pos\u00e9es lors de conf\u00e9rences ou par Internet.<\/p>\n","protected":false},"excerpt":{"rendered":"<p>Experte en autisme, elle partage ses conseils et son exp\u00e9rience<\/p>\n","protected":false},"featured_media":90,"template":"","meta":[],"product_brand":[],"product_cat":[16,17,27,19],"product_tag":[],"class_list":{"0":"post-85","1":"product","2":"type-product","3":"status-publish","4":"has-post-thumbnail","6":"product_cat-asperger","7":"product_cat-autisme-sans-deficience-mentale","8":"product_cat-problemes-sensoriels","9":"product_cat-tous","11":"first","12":"instock","13":"taxable","14":"shipping-taxable","15":"purchasable","16":"product-type-variable"},"jetpack_sharing_enabled":true,"_links":{"self":[{"href":"https:\/\/www.autitools.eu\/index.php\/wp-json\/wp\/v2\/product\/85","targetHints":{"allow":["GET"]}}],"collection":[{"href":"https:\/\/www.autitools.eu\/index.php\/wp-json\/wp\/v2\/product"}],"about":[{"href":"https:\/\/www.autitools.eu\/index.php\/wp-json\/wp\/v2\/types\/product"}],"wp:featuredmedia":[{"embeddable":true,"href":"https:\/\/www.autitools.eu\/index.php\/wp-json\/wp\/v2\/media\/90"}],"wp:attachment":[{"href":"https:\/\/www.autitools.eu\/index.php\/wp-json\/wp\/v2\/media?parent=85"}],"wp:term":[{"taxonomy":"product_brand","embeddable":true,"href":"https:\/\/www.autitools.eu\/index.php\/wp-json\/wp\/v2\/product_brand?post=85"},{"taxonomy":"product_cat","embeddable":true,"href":"https:\/\/www.autitools.eu\/index.php\/wp-json\/wp\/v2\/product_cat?post=85"},{"taxonomy":"product_tag","embeddable":true,"href":"https:\/\/www.autitools.eu\/index.php\/wp-json\/wp\/v2\/product_tag?post=85"}],"curies":[{"name":"wp","href":"https:\/\/api.w.org\/{rel}","templated":true}]}}

Temple nous parle… de l’Autisme et des Problèmes Sensoriels. T. Grandin

<p>Temple Grandin est docteur en sciences de l’animal, professeur à l’université d’État du Colorado, auteur de best-sellers, militante de l’autisme, et consultante sur le comportement animal.<br />
Elle a inventé la « machine à pression », qui permet de calmer le système sensoriel des personnes atteintes d’autisme. Elle a aussi été le sujet du film « Temple Grandin » primé en 2010, et elle a fait parti de la liste des 100 personnes les plus influentes du monde du magazine Time.<br />
Peut-être auriez-vous aimé discuter avec Temple des problématiques sensorielles qu’elle a dû affronter ? Alors voici un manuel de référence dans lequel Temple donne une vue générale de ce que c’est qu’être autiste et avoir des difficultés sensorielles. Dans ce livre elle explique comment elle a réussi à gérer certaines de ces problématiques, elle nous donne des conseils utiles; puis elle présente de façon pratique les réponses aux questions qui lui ont été posées lors de conférences ou par Internet.</p>

<p>Experte en autisme, elle partage ses conseils et son expérience</p>
